7*y - 1. Let r(i) = i**3 + i**2 + i - 14. Let t be r(0). What is the tens digit of k(t)?
2
Let g = 961 + -486. What is the units digit of g?
5
Let c(w) = -w**2 - 14*w - 3. Suppose 128 = -3*i + 17. Let b = i - -26. What is the units digit of c(b)?
0
Let p = 486 - 330. Suppose 5*a - 2*a + 156 = 4*g, 4*g + a - p = 0. What is the tens digit of g?
3
Suppose -2*j + i = -0*j - 100, j - 41 = -4*i. Let o = j - 15. Let y = -20 + o. What is the units digit of y?
4
Let l(x) = -x**3 + 10*x**2 - 2*x + 24. Let s be l(10). Suppose i - s*i = -279. What is the units digit of i?
3
Let x(s) = -s + 22. Let o be x(0). Suppose -2*b + 0*b = -o. Let k = b - 4. What is the units digit of k?
7
Let u be (6 + 4)/(-2 - -1). Let o be u/(-4)*18/5. Suppose 3*m + n = -2*n + 39, 0 = -3*n - o. What is the tens digit of m?
1
Suppose -11*s + 4473 = -2215. What is the tens digit of s?
0
What is the units digit of (-3)/(-1) - (6 + 13788)/(-11)?
7
Let i be 1*(3 - 1) - -35. Let g = i - 32. Suppose -g*w = -189 - 36. What is the tens digit of w?
4
Let k(r) = 9*r - 3. Let o be k(3). Let j = -54 - o. What is the units digit of j/(-4)*2/1?
9
Suppose -x - 138 = -c, -5*c + 3*x - 132 = -832. Suppose -4*u - 277 - 111 = 0. Let f = c + u. What is the units digit of f?
6
Suppose -25 + 29 = 2*q. What is the tens digit of ((-12)/9)/((-165)/81 + q)?
3
Suppose 0 = -151*m + 150*m + 598. What is the tens digit of m?
9
Let f be (-59*(-1 - -2)*-1)/1. Let w = f - -91. What is the hundreds digit of w?
1
Suppose 3*h - x = 79, -2*x = -h - 0*h + 33. Let s = -3 + h. What is the units digit of s?
2
Let t be 50/(-8) - (-2)/8. What is the tens digit of 6*t*(-14)/9?
5
Let s = 33 + -29. What is the units digit of 9/s*40/18*12?
0
Let g = -51 - -80. Let d = g - -3. What is the units digit of d?
2
Let x(y) = y**3 + 8*y**2 - 11*y - 9. Let v be x(-9). Let o = 64 - v. What is the units digit of o?
5
Let c = 1 + -8. What is the units digit of -21*(16/c - -2)?
6
Let h = 18 - -13. Let o = h + -43. Let p = 4 - o. What is the tens digit of p?
1
Suppose 2*t - t = 0. Let c(l) = -l**3 - 2*l**2 + 2. Let a be c(t). What is the tens digit of a/(3/(-33)*-2)?
1
Suppose 4*r = -3*m + 7439, -5*m - 7796 - 1459 = -5*r. What is the tens digit of r?
5
Let l = -99 + 58. Let g = 74 + l. What is the tens digit of g?
3
Let t(a) = 1 + a**3 - 2*a - 5*a**3 - a**2 - 2. Let r = -416 - -415. What is the units digit of t(r)?
4
Suppose 3*b + s + 62 = 0, 2 = -3*b - 3*s - 58. Let u be 6/b*14/(-2). What is the units digit of 19 + (u - -1)/(-3)?
8
Let l = 9 + -7. Suppose -364 = 2*y - 5*y - h, -l*y - 3*h = -252. Suppose 0 = 4*n - 12, -5*v - 22 = n - y. What is the units digit of v?
9
Let w(t) = 10*t**2 - 3*t - 4. Suppose -11 + 35 = 6*r. What is the tens digit of w(r)?
4
Let d(t) = t**2 - 2*t - 3. Let x be d(4). Suppose -x*v - 25 = -5*n, -22 = -3*n - 7. Suppose v*r - 96 = -2*r. What is the units digit of r?
8
Let u(y) = -6*y + 9. Let p be u(-5). Suppose 0 = 2*w - w - p. Suppose h = -4*v + 4*h + 139, v - 5*h = w. What is the units digit of v?
4
Let b be (-6)/3*(-351)/6. Suppose -4*j = 103 + b. Let l = j + 80. What is the tens digit of l?
2
What is the tens digit of ((-12752)/80)/((-2)/(-5))*-2?
9
Suppose 4*o - 6*o - 4*i + 3690 = 0, -9225 = -5*o - 2*i. What is the tens digit of o?
4
Let y(d) be the second derivative of 5*d**6/72 + 4*d**3/3 - 6*d. Let z(r) be the second derivative of y(r). What is the units digit of z(-1)?
5
What is the units digit of 4*4/(-24) - 2278/(-6)?
9
Let r(y) = y**2 - 5*y - 7. Let q be r(7). Let i = 18 - 15. What is the units digit of (3/i - 2) + q?
6
Suppose -3*l = -s - 0*s - 4, 0 = 5*s - 25. Suppose 0 = n - 5*u - 188, -4*n + 4*u + 187 = -l*n. What is the hundreds digit of n?
1
Suppose -2*u = -2*j - 146, 2*u - 4*j - 67 = u. Suppose -240 = -2*z + 4*q, 3*q = 2*z - u - 164. What is the tens digit of z?
1
Let q = 716 + -77. What is the hundreds digit of q?
6
What is the units digit of 7/(-28) + 0 - 3165/(-4)?
1
Let p(f) = -f**3 + 10*f**2 - 10*f + 13. Let m be p(9). Let i(k) = 4*k - 6. What is the tens digit of i(m)?
1
Let m(y) = -y**2 + 19*y - 14. Let k be 4/(-18) - (2 + 620/(-36)). What is the tens digit of m(k)?
4
Let j(i) = -i + 6*i - 2*i + 886*i**2 + 2. Let o be j(2). What is the tens digit of (-2)/(-7) - o/(-112)?
3
What is the tens digit of (3 - 7)/(-1*4/214)?
1
Let d(u) be the second derivative of -4*u**3/3 + u**2/2 + 5*u. What is the tens digit of d(-12)?
9
Let m = 4 + -4. Suppose m = -3*j - 3*j - 468. Let g = j - -125. What is the tens digit of g?
4
Suppose 7*m = 3*m + 40. Let w = m + 79. What is the units digit of w?
9
Let u(b) be the third derivative of 0*b - 1/12*b**4 + 11/6*b**3 + 0 + 7*b**2. What is the units digit of u(-10)?
1
What is the tens digit of (-1 + 13)/(5967/(-1494) + 4)?
9
What is the thousands digit of (-3 + -13553)*4*5/(-80)?
3
Let h = -17 + 22. Suppose h*p - 370 = 140. Suppose -2*r + p = 4*s, -2*s - 2*s = -2*r - 98. What is the tens digit of s?
2
Let i(k) = -10*k**2 - 64*k + 6. What is the units digit of i(-6)?
0
Let i be (-48)/10 - (-1 + (-6)/(-5)). Suppose t + 3*t = 2*z + 76, 0 = -2*z + 5*t - 79. What is the units digit of z/(-10) - (-1)/i?
3
Let r = 72 - 67. Suppose -r*g + 157 = -343. What is the tens digit of g?
0
Let z(r) = -6*r - 5 + 0 + 7. Let t be z(11). What is the units digit of t/(-2) - (1 - -2)?
9
Let v(w) = -20 + 2*w**2 + 2*w**2 - 5*w - w**2. What is the tens digit of v(6)?
5
Let v = -6 - -8. Suppose -4*p = -d - 2*d, -3*p = 3*d. Suppose d*f = 3*f + q - 52, 24 = v*f - 2*q. What is the tens digit of f?
1
Suppose 5*s - 7*s = -3*z + 724, 3*s - 744 = -3*z. What is the tens digit of z?
4
Let y(g) = -24*g - 49. What is the tens digit of y(-14)?
8
Let p(b) be the third derivative of 5/12*b**4 + 1/60*b**5 + 2*b**3 + 6*b**2 + 0 + 0*b. What is the tens digit of p(-11)?
2
Let s = -460 + 6314. What is the tens digit of s?
5
Let z(a) = -359*a - 959. What is the tens digit of z(-12)?
4
Suppose -5*f = -3*c - 1376, 0 = -0*f + 2*f + 4*c - 566. What is the tens digit of f?
7
Let i = 4 - 4. Suppose i = -2*s + c - 19, c + 4 - 9 = 0. Let a(f) = -f**3 - 7*f**2 - 2*f - 5. What is the units digit of a(s)?
9
Let b(s) = s + 15. Let f(q) = -1. Let g(y) = -2*y - 35. Let m(k) = -6*f(k) + g(k). Let o(c) = 5*b(c) + 2*m(c). What is the tens digit of o(12)?
2
Let m = 2137 + -1190. Suppose -4*f - m = -q - 2*q, -4*f - 20 = 0. What is the tens digit of q?
0
Let d(q) = 69*q + 15*q + 51*q - 4. What is the tens digit of d(1)?
3
Let b be 473/(-3 - -4) + 0. Suppose -143 + b = 5*v. Suppose 3*f + 4*j = 183, f + 0*j = -3*j + v. What is the units digit of f?
7
Let t be (0 - 2) + 3 + 4. Let z be 2 - 24/20*t. What is the tens digit of z/6*(-4899)/46?
7
Let i be ((-1)/2)/((-4)/(-808)). Let n = -37 - i. What is the units digit of n?
4
Let t(u) = -8*u + 4*u + 2 - 39*u - 28*u. What is the tens digit of t(-1)?
7
Let y = 526 + -433. What is the units digit of y?
3
What is the units digit of (-4)/(-26) + 6315*(-300)/(-1625)?
6
Let w(m) = -89*m**3 + 7*m**2 + m + 12. What is the thousands digit of w(-3)?
2
Let s = 3901 - 498. What is the tens digit of s?
0
Let o(t) = t**2 + 32*t + 6. What is the units digit of o(-32)?
6
Let n(k) = -k**2 + 38*k + 28. What is the tens digit of n(27)?
2
Suppose -x + 82 - 16 = 0. Suppose -2*n + 1 + x = h, 0 = -3*n - 6. What is the tens digit of h?
7
Suppose 0 = -4*v + 2*v - 8. What is the tens digit of ((-37)/(-2))/(v/(-8))?
3
Let x be (-6)/(-10) - (-60)/25. Suppose 5*o - 878 + 329 = 2*f, -x*f = -3*o + 333. What is the tens digit of o?
0
Suppose 2*n + 44 = -4*o, 5*n - 2*o = -6*o - 92. Let y(m) = -3*m + 25. What is the tens digit of y(n)?
7
Let q = 10306 - 4942. What is the units digit of q?
4
Let m = 639 - 47. What is the hundreds digit of m?
5
Let f(x) be the second derivative of x**5/120 + 17*x**4/24 + 7*x**3/3 - 14*x. Let j(d) be the second derivative of f(d). What is the tens digit of j(13)?
3
Let d(s) = 65*s**3 - 3*s**2 + 5 - 122*s**3 - 90*s**3 - 4 - s. What is the hundreds digit of d(-1)?
1
Suppose 1600 + 634 = 2*i. What is the tens digit of i?
1
Suppose -2*v - 270 = -7*v. Suppose p = v + 46. What is the hundreds digit of p?
1
Suppose -4*i = 161 - 905. What is the units digit of i?
6
Suppose 3*c + 22*c = 2300. What is the units digit of c?
2
Let n(r) = r. Let k be n(8). Let m(a) = -a**2 + 17*a - 20. What is the t